 remainder when 37 is divided by (-156)/(-15) + z/(-25)?
7
Let d = 588 - 186. Calculate the remainder when d is divided by 31.
30
Suppose -2*h + 15 = -3*t + 4*t, -3*t + 45 = 4*h. Suppose -8 + 20 = 4*n. Suppose -2*x = -111 - n. What is the remainder when x is divided by t?
12
Let k = -473 + 554. What is the remainder when 246 is divided by k?
3
Calculate the remainder when 121 is divided by (4/(-6))/((-4)/(-12)) - -68.
55
Suppose 0 = -k - 3*r + 9, -5*k + 3*r + 4 = -5. Suppose -3*l = k*h - 0*h - 87, 4*l = 2*h - 40. What is the remainder when 102 is divided by h?
24
Suppose 15*w - 1 = -1. Suppose w = -3*f + 5*f - 110. What is the remainder when f is divided by 14?
13
Suppose -2*q + 5*q = -4*l + 257, 0 = 5*q + 4*l - 415. What is the remainder when q is divided by 21 + 1*-2 - 23/(-23)?
19
Suppose 16 = 33*v - 29*v. Suppose -2*m - 14 = -v*b - m, -b = -4*m + 4. Calculate the remainder when 4 is divided by b.
0
Suppose -5*v - z = 2*z - 50, -20 = -4*z. Suppose -f = -b - 8, -4*f = 3*b - 2*b - 22. Suppose 0 = -f*w - 2 + 206. What is the remainder when w is divided by v?
6
Let u be 113 + 4 + -3 + -1. Let f = 194 - u. What is the remainder when f is divided by 14?
11
Calculate the remainder when (5 + (1 - 7))/(2/(-1842)) is divided by 33.
30
Let a be (-12 - -10)/(2/(-3)). Let r be (2 - 0)/(a/6). Suppose 21 + 11 = r*c. What is the remainder when c is divided by 3?
2
Suppose -3*c - c = -12. Suppose -5*r + 167 = 3*x, -x = -3*r - c + 106. Let v = -16 + r. Calculate the remainder when v is divided by 7.
4
Suppose -4 = -i - 2. What is the remainder when 91 is divided by i/(-3) + (-426)/(-18)?
22
What is the remainder when 610 - (-3 - (-5 - -10)) is divided by 155?
153
Suppose -45*i + 4 = 3*z - 40*i, -i = 4*z - 28. Calculate the remainder when 2909 is divided by z.
5
What is the remainder when (-2)/(-4)*0 - -31 is divided by (-8 - -32)/(3/2)?
15
Let k = 1999 + -1601. Calculate the remainder when k is divided by 132.
2
What is the remainder when 456 is divided by 34*6/(-3 + 15)?
14
Suppose -3*z = -z - 4*j - 220, -5*j = 20. Let a(x) = -x**2 - 11*x - 2. Calculate the remainder when z is divided by a(-7).
24
Suppose -134 = -4*c + 2*n, 10*n = 2*c + 11*n - 73. Suppose 5*g = g. Let x = 18 + g. What is the remainder when c is divided by x?
17
Let o(d) = d**3 + 8*d**2 + 8*d - 1. Let x be o(-7). Let w = x + 16. Suppose 3*m = 19 - 4. Calculate the remainder when w is divided by m.
3
Let d(q) = -2*q**2 + 8*q + 1. What is the remainder when (19/2)/((-24)/(-48)) is divided by d(3)?
5
Let t = -660 - -701. Calculate the remainder when 245 is divided by t.
40
Suppose 0 = -3*k - 10 + 19. Let h = 10 + k. What is the remainder when 359/7 + 4/(-14) is divided by h?
12
Let o = 761 + -532. Calculate the remainder when o is divided by 46.
45
Let p(i) = -i**3 + 7*i**2 - 5. Calculate the remainder when p(6) is divided by 1 + 4 - -2 - -1.
7
Let c = 183 + -159. What is the remainder when 694 is divided by c?
22
Let i(s) = -s**3 + 17*s**2 + 19*s - 14. Let p be i(18). Suppose 0 = -2*y + 8, -5*l = p*y - 49 - 77. What is the remainder when 65 is divided by l?
21
Suppose 3*z - 112 = -l - 4*l, 0 = 5*l + 4*z - 111. Let x = -31 - -116. What is the remainder when x is divided by l?
16
Let k be ((-8)/(-10))/((-8)/(-20)). Suppose 13 = 2*l - w, k*l - 3*w - 15 = -0*l. What is the remainder when 15 is divided by l?
3
Let k(l) = 19*l + 553. What is the remainder when 398 is divided by k(-27)?
38
Suppose 0 = 9*o - 17 - 1342. Calculate the remainder when o is divided by 13.
8
Suppose -6*s - 5*g = -2*s - 97, -3*s = -4*g - 96. What is the remainder when s is divided by 8*(6/3)/2?
4
Suppose -6 = 2*b + 3*p, b + p = -b + 2. Suppose 2*j + 55 = 5*f, -2*f - b*f - j + 70 = 0. Let v = 43 + -20. What is the remainder when v is divided by f?
10
Calculate the remainder when 4/(-2) + 9 + -11 - -113 is divided by 10.
9
Suppose -17*n + 1828 = -603. Calculate the remainder when n is divided by 19.
10
Suppose 3*z = -4*j + 157 + 106, 182 = 2*z + j. Calculate the remainder when 548 is divided by z.
83
Let p = 1 + 34. Let t = -31 + p. What is the remainder when 6 is divided by t?
2
What is the remainder when 266 is divided by -28*(-1)/(28/35)?
21
Let r(v) = -v**3 + 12*v**2 - 9*v - 10. Let d be r(11). Let t = -306 + 320. Calculate the remainder when 4/d - (-122)/3 is divided by t.
13
Let a(z) = -z. Let i(y) = 6*y + 10. Let l(t) = 10*a(t) + 2*i(t). What is the remainder when 1 + -1 + (34 - -3) is divided by l(0)?
17
Let h(t) = -2*t - 2. Suppose -2*i - 2*i + 156 = 0. Suppose -2*g - m + i = 2*m, -3*g + 5*m = -30. Calculate the remainder when g is divided by h(-5).
7
Suppose -605 = -3*w - 545. Calculate the remainder when 41 is divided by w.
1
Suppose 219*x - 3120 = 24*x. Suppose 3*s - 7*s + 20 = 0. What is the remainder when x is divided by s?
1
Let s(o) = o**3 + 8*o**2 - 9*o. Let f be s(-9). Suppose 2*m - 6*m + 220 = f. What is the remainder when 217 is divided by m?
52
Let h(j) = -127*j**3 + 12*j**2 + 15*j + 1. Calculate the remainder when h(-1) is divided by 9.
8
Let j(a) = 2*a + 3 - a - 5*a + 5*a. Suppose 2*d - d = 32. What is the remainder when d is divided by j(8)?
10
Let a be 32/6 - 2/6. Let c = 1193 - 1133. Suppose -28 = -h + 2*p, -4*p + c = a*h - 24. Calculate the remainder when h is divided by 6.
2
Suppose 11*d - 7*d = 12. Suppose -4*s - 3*a = a - 72, -d*a + 16 = s. Calculate the remainder when s is divided by 7.
5
Suppose -2*w = 2*n - 176, 4*w - 9*w = 0. Suppose 0 = -d + 3*q + 2*q + 80, d - n = q. Let j = d + -37. Calculate the remainder when j is divided by 14.
11
Let i = 69 - 22. Let p = i + -32. Let o = p + -2. What is the remainder when 25 is divided by o?
12
Suppose 0 = 119*l - 117*l - 62. Calculate the remainder when 278 is divided by l.
30
Suppose 19*x = 1158 - 94. Calculate the remainder when x is divided by 6.
2
Suppose 3*w = -5*r - 68 + 382, 5*r = -w + 318. What is the remainder when 246 is divided by r?
54
Let m = -4 + 87. Suppose 3*a + 4*x - m = 0, 2*a = -2*a + 2*x + 118. Calculate the remainder when 144 is divided by a.
28
Let y = 2080 + -2068. Let k(x) be the first derivative of -x**4/4 + 2*x**3 + 7*x**2/2 + x + 2. Calculate the remainder when k(6) is divided by y.
7
Suppose 208*t - 99 = 205*t. What is the remainder when 95 is divided by t?
29
Let o = -18 + 41. Suppose 66 = 5*w + 4*b, -o + 1 = -3*w + 2*b. Calculate the remainder when ((-12)/(-20))/(2/90) is divided by w.
7
Let m be (2/4)/(1/22). Let j = 2 - 2. Let q = m - j. What is the remainder when q is divided by 6?
5
Suppose -6*w - 77 = -659. Let g = -48 + 73. Calculate the remainder when w is divided by g.
22
Let w(k) = -k**2 + 1. Let o be w(2). What is the remainder when -7*(o + 0) - 0 is divided by 11?
10
Suppose 0 = -5*d + 42 - 7. Let x(j) = 67*j + 575. Calculate the remainder when x(-8) is divided by d.
4
Let m(q) = -q**3 - 10*q**2 - 8*q + 5. Let y be (2 - (13 + -2))/1. Let b be m(y). Calculate the remainder when (-1)/b - 1085/(-28) is divided by 8.
7
Let i(h) = -h**2 - 4*h + 3. Let s be i(-4). Suppose 7 = -s*r + 10. Calculate the remainder when 4 is divided by r.
0
Suppose 9*o + 10 = 8*o. What is the remainder when (-475)/o + 2 + 6/4 is divided by 9?
6
What is the remainder when 966/23*(-2)/(-7) is divided by 8?
4
Suppose 0 = 5*v - 6*v + 159. Let f = v - 111. What is the remainder when f is divided by 27/2 - 3/6?
9
Let o be 100/6 - (-24)/(-36). Suppose z - o = 6. What is the remainder when z is divided by (-24)/(-2)*(1 - 0)?
10
Suppose 3*x - 9 = 27. Calculate the remainder when 47 is divided by (-62)/(-4) - ((-66)/x)/11.
15
Let u be (6/3)/((-2)/(-3)). Let b(x) = x**2 - 4*x + 1. Let h be b(u). Let j = h + 16. Calculate the remainder when 41 is divided by j.
13
Let x(b) = b**2 + 4*b + 5. Let h be x(-6). What is the remainder when 27 is divided by (-2)/h - 957/(-187)?
2
Suppose 5*s + 3*g = 115, -5*s = -5*g - 30 - 85. Calculate the remainder when 157 is divided by s.
19
Let f(z) = -z**3 + 31*z**2 + 71*z - 150. Suppose p - 18 = -1. Let n = -9 + p. What is the remainder when f(33) is divided by n?
7
Let r(s) = 5*s**2 + 5*s - 6. Let y(w) = -88*w - 139. What is the remainder when r(-6) is divided by y(-2)?
33
Suppose -4*d - 5*k = -7*k - 32, 4*d = -4*k + 56. What is the remainder when 79 is divided by d?
9
Suppose 5*o - 647 = -3*z - 0*o, -5*o + 1085 =